 2
-1100111
0 (base 14) to base 8
0
What is -1010101 (base 2) in base 7?
-151
Convert 10101010 (base 2) to base 16.
aa
3203 (base 4) to base 8
343
What is 73 (base 11) in base 9?
88
What is -24 (base 16) in base 2?
-100100
-1 (base 9) to base 10
-1
Convert 311 (base 6) to base 10.
115
2 (base 15) to base 12
2
Convert -9 (base 13) to base 3.
-100
Convert 41 (base 13) to base 12.
45
Convert -213 (base 6) to base 13.
-63
Convert 34 (base 7) to base 6.
41
What is -11 (base 3) in base 7?
-4
Convert 1020 (base 4) to base 3.
2200
What is -35 (base 10) in base 12?
-2b
3 (base 12) to base 5
3
20 (base 4) to base 12
8
-52 (base 7) to base 3
-1101
-24 (base 12) to base 7
-40
-1 (base 13) to base 8
-1
24 (base 6) to base 16
10
Convert -48 (base 9) to base 16.
-2c
Convert -3 (base 7) to base 4.
-3
What is 4 (base 7) in base 6?
4
Convert -4 (base 16) to base 13.
-4
What is -5 (base 9) in base 14?
-5
26 (base 7) to base 12
18
What is -10010 (base 2) in base 14?
-14
Convert 1010100 (base 2) to base 15.
59
Convert -1 (base 13) to base 6.
-1
What is 11 (base 2) in base 14?
3
1a (base 13) to base 14
19
What is 16 (base 10) in base 3?
121
What is 0 (base 7) in base 5?
0
-4 (base 15) to base 2
-100
What is 222 (base 3) in base 11?
24
What is 0 (base 11) in base 6?
0
11 (base 16) to base 2
10001
Convert 2 (base 13) to base 10.
2
Convert -1 (base 14) to base 3.
-1
Convert 133 (base 10) to base 8.
205
3 (base 4) to base 5
3
Convert 1 (base 6) to base 5.
1
Convert 110 (base 4) to base 11.
19
What is 9 (base 12) in base 3?
100
1 (base 6) to base 5
1
Convert -1 (base 14) to base 3.
-1
Convert 1 (base 14) to base 11.
1
-4 (base 13) to base 16
-4
What is -1a (base 14) in base 12?
-20
-21 (base 11) to base 12
-1b
-8 (base 11) to base 2
-1000
Convert -46 (base 13) to base 6.
-134
Convert 10 (base 3) to base 5.
3
What is 11 (base 2) in base 5?
3
What is -65 (base 10) in base 13?
-50
What is 72 (base 12) in base 13?
68
Convert -11000 (base 2) to base 14.
-1a
What is 30 (base 13) in base 9?
43
What is 4 (base 15) in base 5?
4
5d (base 14) to base 6
215
What is -10 (base 3) in base 7?
-3
What is 10 (base 6) in base 14?
6
1 (base 8) to base 5
1
-17 (base 14) to base 9
-23
What is 11101 (base 2) in base 9?
32
What is 1011 (base 3) in base 10?
31
Convert 140 (base 13) to base 16.
dd
Convert -1 (base 11) to base 7.
-1
What is -125 (base 6) in base 13?
-41
What is 11 (base 16) in base 9?
18
What is -19 (base 10) in base 7?
-25
What is 5 (base 15) in base 12?
5
What is -41 (base 11) in base 10?
-45
What is -110100 (base 2) in base 4?
-310
1020 (base 7) to base 6
1353
What is b (base 15) in base 2?
1011
What is -3 (base 9) in base 14?
-3
Convert 23 (base 11) to base 9.
27
Convert 12 (base 12) to base 5.
24
-13 (base 7) to base 6
-14
What is -6 (base 9) in base 3?
-20
9 (base 11) to base 6
13
10 (base 16) to base 7
22
12 (base 3) to base 15
5
What is 10 (base 6) in base 4?
12
What is 4 (base 7) in base 14?
4
Convert -20 (base 4) to base 16.
-8
Convert -1 (base 14) to base 15.
-1
13 (base 5) to base 14
8
What is -2 (base 7) in base 13?
-2
What is -8 (base 12) in base 11?
-8
Convert -139 (base 12) to base 2.
-10111101
2 (base 13) to base 8
2
Convert 3 (base 6) to base 2.
11
Convert -1 (base 13) to base 10.
-1
What is -60 (base 15) in base 5?
-330
Convert 8 (base 11) to base 9.
8
-10021 (base 3) to base 16
-58
-542 (base 7) to base 15
-135
What is 22110 (base 3) in base 13?
147
17 (base 14) to base 12
19
What is -16 (base 13) in base 5?
-34
101001 (base 2) to base 15
2b
Convert -10 (base 2) to base 14.
-2
2 (base 4) to base 2
10
6 (base 8) to base 4
12
Convert -103 (base 5) to base 15.
-1d
What is -6 (base 12) in base 6?
-10
b (base 15) to base 5
21
4 (base 16) to base 3
11
-110 (base 4) to base 2
-10100
What is 2d (base 15) in base 4?
223
What is -13 (base 7) in base 4?
-22
134 (base 10) to base 6
342
Convert 1110 (base 2) to base 8.
16
4b (base 12) to base 2
111011
What is -8 (base 13) in base 7?
-11
3 (base 16) to base 11
3
What is -63 (base 11) in base 5?
-234
What is -12 (base 8) in base 16?
-a
What is 28 (base 11) in base 6?
50
Convert 152 (base 6) to base 4.
1010
Convert -3 (base 5) to base 2.
-11
Convert 23 (base 4) to base 14.
b
What is 92 (base 10) in base 16?
5c
Convert -145 (base 8) to base 14.
-73
230 (base 4) to base 16
2c
Convert -38 (base 14) to base 16.
-32
What is -29 (base 11) in base 14?
-23
-1211 (base 3) to base 12
-41
-11 (base 13) to base 8
-16
-75 (base 9) to base 2
-1000100
What is 5 (base 6) in base 14?
5
-1 (base 2) to base 8
-1
Convert -12 (base 9) to base 3.
-102
-83 (base 14) to base 2
-1110011
Convert 1 (base 10) to base 12.
1
Convert -73 (base 9) to base 7.
-123
Convert -31 (base 7) to base 16.
-16
What is -42 (base 6) in base 16?
-1a
-101 (base 3) to base 14
-a
What is 3 (base 5) in base 15?
3
What is 10 (base 13) in base 8?
15
Convert 134 (base 5) to base 6.
112
Convert -1 (base 15) to base 16.
-1
Convert 1424 (base 5) to base 2.
11101111
2201 (base 4) to base 12
115
-3 (base 7) to base 6
-3
What is 13 (base 5) in base 9?
8
Convert -28 (base 12) to base 10.
-32
Convert 10 (base 10) to base 3.
101
22 (base 6) to base 11
13
Convert 0 (base 11) to base 5.
0
Convert 4 (base 10) to base 16.
4
What is -10010 (base 2) in base 16?
-12
Convert -9 (base 13) to base 6.
-13
-33 (base 9) to base 3
-1010
Convert -3 (base 15) to base 3.
-10
What is 149 (base 13) in base 5?
1410
Convert -5 (base 11) to base 2.
-101
Convert 515 (base 6) to base 15.
cb
What is 10 (base 6) in base 13?
6
1 (base 13) to base 10
1
10 (base 12) to base 5
22
What is -68 (base 9) in base 13?
-4a
What is -401 (base 6) in base 10?
-145
e6 (base 16) to base 2
11100110
What is 101211 (base 3) in base 7?
565
What is -172 (base 8) in base 14?
-8a
What is 124 (base 7) in base 15?
47
What is -11 (base 7) in base 12?
-8
What is 214 (base 6) in base 14?
5c
What is -1 (base 5) in base 2?
-1
What is 5 (base 15) in base 12?
5
Convert -12 (base 14) to base 12.
-14
Convert 111 (base 3) to base 9.
14
-212 (base 5) to base 14
-41
Convert -1231 (base 5) to base 14.
-d9
1a (base 13) to base 16
17
-3 (base 9) to base 3
-10
What is -4 (base 6) in base 13?
-4
What is 12 (base 4) in base 14?
6
What is 2 (base 15) in base 7?
2
Convert -203 (base 6) to base 2.
-1001011
What is -26 (base 11) in base 13?
-22
164 (base 8) to base 5
431
-11101 (base 2) to base 5
-104
-e (base 16) to base 3
-112
Convert 2 (base 16) to base 9.
2
What is 54 (base 9) in base 12?
41
3 (base 8) to base 11
3
Convert 125 (base 8) to base 10.
85
-3 (base 5) to base 14
-3
What is -5 (base 7) in base 4?
-11
What is -3 (base 5) in base 14?
-3
10000 (base 2) to base 3
121
What is 59 (base 16) in base 12?
75
1 (base 16) to base 2
1
Convert 172 (base 16) to base 9.
451
Convert -131 (base 4) to base 10.
-29
What is 151 (base 12) in base 2?
11001101
What is -3 (base 4) in base 10?
-3
9 (base 14) to base 7
12
-2 (base 8) to base 13
-2
Convert 320 (base 4) to base 13.
44
Convert 5 (base 8) to base 13.
5
What is -43 (base 7) in base 6?
-51
Convert 1 (base 16) to base 3.
1
Convert 33 (base 4) to base 5.
30
Convert -68 (base 16) to base 8.
-150
1110111 (base 2) to base 13
92
-1 (base 5) to base 14
-1
111 (base 2) to base 10
7
Convert -1 (base 14) to base 4.
-1
Convert -4 (base 15) to base 2.
-100
2134 (base 5) to base 3
101220
-2 (base 15) to base 13
-2
4 (base 12) to base 10
4
What is -55 (base 7) in base 6?
-104
14 (base 9) to base 8
15
What is -20 (base 4) in base 9?
-8
Convert -505 (base 6) to base 7.
-353
What is 0 (base 13) in base 15?
0
-12 (base 4) to base 13
-6
What is -5 (base 14) in base 4?
-11
What is 1b (base 16) in base 10?
27
What is 35 (base 6) in base 13?
1a
Convert 35 (base 11) to base 16.
26
Convert 11312 (base 4) to base 13.
22a
Convert 100 (base 8) to base 6.
144
-1204 (base 5) to base 2
-10110011
-109 (base 15) to base 12
-176
What is 145 (base 6) in base 5?
230
24 (base 11) to base 7
35
Convert 2 (base 3) to base 12.
2
What is -12 (base 15) in base 6?
-25
Convert -1f (base 16) to base 10.
-31
What is -34 (base 16) in base 7?
-103
Convert -19 (base 13) to base 2.
-10110
Convert 1 (base 6) to base 3.
1
What is 11 (base 11) in base 14?
c
What is 1 (base 14) in base 3?
1
Convert -27 (base 11) to base 2.
-11101
What is -1 (base 16) in base